 common factor of j and 168?
21
Suppose 5*d = 8*d - 21. Suppose 0 = d*l - 11 - 10. Let z be 195/12 + l/(-12). Calculate the highest common factor of z and 16.
16
Let s be 6 + (-1)/(5/10). Suppose s*u - 24 = 5*n, -n = 4*n - 20. Calculate the greatest common factor of 77 and u.
11
Suppose -4 = 8*c - 508. What is the highest common divisor of 168 and c?
21
Let d = 14 + -1. Let m = -82 - -108. What is the greatest common divisor of d and m?
13
Let o be (0/(-2) - 0)*14/(-28). Suppose -4*z - 44 = -2*l - 0*z, -5*z = o. Calculate the highest common divisor of 242 and l.
22
Suppose 6*n = 2*n + 8, 206 = 4*w - n. Let o = -4 + w. Suppose -5*s + 233 = 73. Calculate the highest common factor of s and o.
16
Let v(s) = s. Let y be v(-4). Let x(n) = -3*n - 8. Let f be x(y). Suppose 0 = -0*i + 4*i - f. Calculate the greatest common factor of 2 and i.
1
Suppose v - 2 = -4*h + 41, 2*h + 4*v - 32 = 0. Calculate the greatest common divisor of h and 40.
10
Suppose 0 = -7*m - 8 + 43. Suppose 25 = m*t, 3*t - 21 = -4*s + 2*t. What is the greatest common divisor of 52 and s?
4
Let u be 9/((-63)/(-2))*35. Suppose 9 - 59 = -u*l. What is the highest common divisor of l and 40?
5
Let i(p) = -p**3 + 32*p**2 + 35*p - 16. Let u be i(33). Calculate the greatest common factor of u and 75.
25
Suppose -4*d + 25 = -43. Let a be 408/d*3/2. What is the highest common divisor of 18 and a?
18
Suppose -2*c + 2030 = -1060. Calculate the greatest common divisor of 15 and c.
15
Let j(o) = 16*o - 134. Let y be j(9). Calculate the highest common divisor of 640 and y.
10
Let o = 944 + -405. What is the highest common factor of o and 49?
49
Suppose 0 = 6*o + 92*o - 392. Calculate the highest common divisor of o and 64.
4
Let w = -5 + 14. Suppose -9 = x - 4*x. Suppose 0*y + 28 = x*y + i, y - 11 = -2*i. Calculate the greatest common factor of y and w.
9
Suppose g - 90 + 26 = -4*s, 5*g = s + 236. Let i = -22 - -17. Let c = i - -11. Calculate the greatest common factor of c and g.
6
Let r(q) = q**2 + 7*q + 40. Let y be r(-7). Calculate the highest common factor of y and 10.
10
Suppose 4*c - 22 = 5*o, -3 = c - 3*o + 6*o. Let m = 6580 + -6553. What is the greatest common factor of m and c?
3
Let r = 6 - 6. Suppose 5*d + 0*d = 4*w + 74, r = -2*d - 4*w + 24. What is the greatest common divisor of 126 and d?
14
Let j be -471*(-11)/22*2. Calculate the highest common divisor of j and 3.
3
Suppose -5*j + 155 = 4*q + q, 70 = 2*j - 2*q. What is the greatest common factor of 55 and j?
11
Suppose 4*b + x = -2*x + 85, 0 = -3*b + x + 67. Suppose -n = -2*n + 11. Calculate the greatest common divisor of b and n.
11
Let i(k) = 2*k**2 - 8*k + 133. Let d be i(-21). Calculate the greatest common factor of 7 and d.
7
Let j = 245 + -233. What is the highest common divisor of j and 12?
12
Let q = -88 + 94. What is the highest common factor of q and 6?
6
Let s be (-12)/(-1)*(-12)/24. Let i = -1 - s. Let u be ((-25)/20)/(2/(-88)). What is the highest common factor of i and u?
5
Let v be (50/5 - 6) + 194. Calculate the highest common factor of 352 and v.
22
Suppose 0 = 4*y - 3*r - 36, -2*y - 4*r + 31 = -9. What is the highest common divisor of 2532 and y?
12
Let y = -2439 + 2816. Calculate the greatest common factor of y and 232.
29
Let x = 281 - 254. What is the highest common factor of 63 and x?
9
Suppose -7*n = -2*n + 20, 0 = -2*q + n + 326. Let k be 1449/84*4/3. What is the highest common divisor of q and k?
23
Let z be 30/(-35) + 750/42. Calculate the greatest common factor of 374 and z.
17
Suppose 18*l - 21*l = -24. Let j(o) = -o + 9. Let h be j(8). Calculate the highest common divisor of h and l.
1
Let y(n) = n**3 - 5*n**2 - n + 13. Let a = -77 + 82. Let f be y(a). What is the greatest common divisor of f and 104?
8
Let m be (-80)/(-6)*(-3 + (-99)/(-15)). Let o(a) = -a + 16. Let p be o(0). What is the highest common divisor of m and p?
16
Let s(c) = 21*c + 21. Let w be s(4). Suppose -14*f + 2*f = -180. What is the greatest common factor of w and f?
15
Suppose -3*r = -4*z - 44, 0*r = -2*r - 5*z + 14. Suppose 5*v = -i + 1203, -14*v = -16*v + 2*i + 474. Calculate the highest common divisor of v and r.
12
Let w = 193 + -171. Calculate the greatest common divisor of 352 and w.
22
Let o(z) = 21*z + 192. Let d be o(0). Calculate the highest common factor of d and 96.
96
Let h be -1*(-55)/20*-28. Let b = 111 + h. Calculate the highest common divisor of b and 102.
34
Suppose 3*d - 3233 = -v, 2137 = -d + 3*d - 3*v. Suppose -5*s + d = 251. What is the greatest common divisor of s and 15?
15
Let i = -8 - -16. Let z = i + -6. Let l be ((-308)/10)/(z/(-10)). Calculate the greatest common factor of l and 14.
14
Let f = 70 + -71. Let k be ((-107)/(-3) + f)/((-39)/(-117)). Calculate the highest common divisor of k and 8.
8
Let r = 6 - 2. Let t = r + -7. Let y(i) = i**3 + 5*i**2 + 3*i + 1. Let f be y(t). What is the greatest common divisor of f and 4?
2
Suppose 2*i = -3*h + 118, h + 0*i + 3*i = 30. Let z be ((-1)/3)/(3/(-126)). What is the greatest common factor of z and h?
14
Let r be 33065/136 - 1/8. Calculate the greatest common divisor of r and 54.
27
Let h(x) = -2*x**2 + 12*x - 17 + 9*x**2 - 8*x**2 - 3. Let a be h(9). What is the highest common factor of 1 and a?
1
Let j = 64 + -37. Suppose 3*w + j - 291 = 0. What is the greatest common divisor of w and 22?
22
Let k be (340/18)/1 + (-3)/(-27). Suppose -3*j + 5*g = -248, -4*g - 194 = -4*j + 126. What is the highest common divisor of k and j?
19
Let c be (0 + 3 - 6) + 19. Let a(n) = -2*n - 14. Let s be a(-11). Calculate the greatest common factor of s and c.
8
Suppose -5*w = -25, -3*u - 4*w = -7*u + 32. Calculate the highest common factor of u and 3.
1
Let h = -171 - -170. Let w(t) be the second derivative of -t**3/2 + t**2/2 - t. Let j be w(h). What is the greatest common factor of 12 and j?
4
Let l(k) = 19*k - 1. Let y be l(-1). Let q be (125/y + 4)/((-2)/8). Calculate the highest common factor of q and 36.
9
Let n(r) = -r**2 + 54*r - 142. Let j be n(51). Calculate the greatest common divisor of 473 and j.
11
Suppose 0*x = -x + 2. Suppose -16 = -u + 4*v, 4*u + x*v - 110 = -28. What is the highest common factor of 4 and u?
4
Suppose -359*c - 128 = -375*c. What is the greatest common divisor of 236 and c?
4
Let d be 0 + -4 - 3/((-36)/1020). Calculate the greatest common factor of d and 9.
9
Let f(z) = 2*z**2 - 2*z. Suppose 0 = 4*n - 9 + 1. Let k be f(n). Let o be 16/(-6)*(-42)/k. What is the greatest common divisor of 42 and o?
14
Suppose -38*i + 600 = -23*i. Suppose -l - l + 80 = 0. What is the highest common factor of i and l?
40
Let z be ((-2184)/260)/((-1)/5). What is the greatest common factor of z and 399?
21
Suppose 2*h + q = 4, 2*h = 4*h + 3*q + 4. What is the highest common factor of 28 and h?
4
Suppose -10*i = -5*i - 70. Let j = -13 + i. Suppose o - 3*w - 3 = 0, -5 + 11 = 2*o - 4*w. What is the highest common divisor of j and o?
1
Suppose -3*h - d = -73, 2*h - 100 = -2*h - 2*d. Suppose -828 = -4*q - i, -3*i + 5*i = 0. Calculate the greatest common factor of q and h.
23
Let r(i) = i**2 - 70*i - 65. Let m be r(71). What is the greatest common divisor of 10 and m?
2
Suppose -2*o - 446 = -5*v, o = -3*v + 6*o + 279. Let g(h) = -h**3 + 26*h**2 + 59*h - 76. Let m be g(28). What is the highest common divisor of v and m?
8
Let i be (3 - 1) + 0/3. Let v be (i/(-4)*38)/(-1). Let g = v - 0. Calculate the highest common divisor of g and 76.
19
Suppose -50*k = -46*k - 6868. Calculate the greatest common divisor of k and 17.
17
Suppose 0 = 34*r - 49*r + 3465. Let c(i) = 3*i**2 - 5*i + 5. Let v be c(4). What is the greatest common divisor of v and r?
33
Suppose r = -12*r + 260. Calculate the greatest common factor of 30 and r.
10
Let b be 0 + -4 + (-110)/(-5). Let q = -11 + b. Let p(v) = -v**2 + 15*v - 6. Let a be p(q). What is the highest common divisor of 25 and a?
25
Suppose 148 = -6*z + 28. Let x = 4 - z. Calculate the highest common divisor of x and 24.
24
Let g = 37 + 20. Suppose -3*p + 11 + 1 = 0. Suppose a - 2*c = 41 - 13, a - 58 = -p*c. Calculate the greatest common divisor of g and a.
19
Suppose -11*k + 8*k = 3*w - 195, -3*w - 95 = -2*k. Suppose 2*d + d = 3*c + 423, 0 = d + 4*c - 161. Calculate the highest common divisor of d and k.
29
Let q = -98 - -182. Let v = -6514 + 